3*c**3 + 2 + 4*c + 1/4*c**4. Determine h(v).
9
Let z(u) = -u**2 - 31*u + 8. Let f be z(0). Let i(c) = 2*c - 18. Determine i(f).
-2
Let r(n) be the first derivative of n**4/4 - 3*n**3 + 3*n**2 - 3*n - 109. What is r(8)?
-19
Let s(j) = j**3 + 4*j**2 + 2*j + 3. Let f be 5*(-22)/165*(-6)/(-1). Determine s(f).
-5
Let g(y) be the third derivative of y**5/60 - 5*y**4/24 + 5*y**3/6 + 82*y**2. Let u = 49 - 22. Suppose -8*x + 3*x = -3*a + u, -x - 7 = -a. Give g(a).
1
Let d(w) = -2*w + 10*w + 5 - 4*w**3 + 5*w**3 + 7*w**2. Suppose -37*v + 34*v - 16 = 5*q, 0 = 2*q + v + 7. Calculate d(q).
15
Let q(m) = 2*m**2 + 2*m - 1. Let w(a) = 1. Let u(p) = -q(p) - 4*w(p). Suppose 54*l = 73*l + 57. Give u(l).
-15
Suppose 705 = -12*r + 17*r. Let z(x) = -x**2 + 141 - r - 2*x. Calculate z(3).
-15
Let x(m) = 37*m - 36. Let g(s) = -25*s + 23. Let v(j) = -8*g(j) - 5*x(j). Calculate v(3).
41
Suppose -132 = -4*o - 32. Suppose -o = -3*m - 2*m. Let r(y) = m + y + 0*y - 7*y + y**2. What is r(4)?
-3
Let q(w) = w - 18. Let b be (5 + 145/(-20))*-4. What is q(b)?
-9
Suppose -3*p + 7*p = -16. Let m(u) = -3*u**3 + 7*u**2 + 5*u + 3. Let d(q) = -2*q**3 + 6*q**2 + 4*q + 2. Let x(s) = p*d(s) + 3*m(s). Determine x(-2).
-1
Suppose 5*c + 6 = -d, -c - 38 = 5*d + 112. Let q = -34 - d. Let x(b) = -5*b - 3. Calculate x(q).
12
Suppose 4*x - 34 = -4*c + 6, 0 = 5*x + 15. Suppose -c + 8 = -f. Let g(d) = d**3 - 5*d**2 - d - 2. Give g(f).
-7
Let c = -23 + 18. Let r(k) be the third derivative of -k**4/6 - 5*k**3/6 + 37*k**2. Determine r(c).
15
Let m(z) = -3*z**2 - 2*z. Let y be (124 - 133) + 0 + 11. Give m(y).
-16
Let n(f) = 6*f**2 + 14 - 50 - 5*f + 15 + 15. Let j(i) = -7*i**2 + 5*i + 7. Let d(c) = 5*j(c) + 6*n(c). Give d(6).
5
Let k be 1 + (-1)/((-4)/(-44)). Let r be (-3 - 1)/(k/15). Let t(i) = i**3 - 7*i**2 + 8*i - 1. What is t(r)?
11
Let s(o) = 120 - 243 + 124 - 12*o. What is s(1)?
-11
Let d be (-42)/(-28)*8/(-6) + 9. Suppose 10 = -3*s - d*s. Let r(u) = -u**2 - 1 - u + 8*u**2 + 0. Calculate r(s).
7
Let l(q) = -4*q + 34. Let m be l(9). Let i(f) = -3*f**2 - 3*f + 7. Let c(u) = -7*u**2 - 6*u + 15. Let z(g) = m*c(g) + 5*i(g). Determine z(-5).
-5
Suppose -4*p + p = 3*b - 21, 2*b - 11 = -p. Let w(t) = -4 - 4*t**2 + p*t - 1 - 6*t**3 + 5*t**3 + 6. Give w(-4).
-11
Let f(m) = 3*m + 6. Let z be (3/9)/(10/180). Suppose z*p = -6*p - 48. Calculate f(p).
-6
Suppose 0 = -5*w + 76 + 64. Suppose -4*v = t - w, v + 3*t - 6 - 12 = 0. Suppose 0 = -7*k + v*k - 1. Let u(j) = -j - 1. Determine u(k).
0
Let v(f) = f - 2. Let w(r) = -13. Let x(n) = 2*v(n) - w(n). Give x(-4).
1
Let g(b) = 29*b**2 + 2*b - 2. Suppose 3*t + 2*m + 6 = 11, -5*t + 4*m + 1 = 0. Give g(t).
29
Let w(b) = 3*b**2 + 3*b - 10. Let i(a) = 10*a**2 + 9*a - 31. Let y(z) = -z**2 - 6*z + 33. Let m be y(-10). Let q(k) = m*w(k) + 2*i(k). Calculate q(-6).
-10
Let s(q) be the second derivative of q**6/360 - 7*q**5/120 - 11*q**4/6 + 9*q. Let z(w) be the third derivative of s(w). Calculate z(7).
7
Let j = 22 - 16. Let a(m) be the first derivative of m**3/3 - 2*m**2 - 6*m + 6061. Calculate a(j).
6
Let u(q) be the first derivative of q**4/4 - 8*q**3/3 - 4*q**2 - 11*q + 82. Calculate u(9).
-2
Suppose 10*z - 12 = 13*z. Let i(l) = 2*l + 2. What is i(z)?
-6
Suppose 51 - 47 = -4*b. Let w(x) = -x**2 - 4*x + 1. Let o(z) = -z + 1. Let h(t) = b*w(t) + 3*o(t). Calculate h(-2).
4
Let l(u) = -u**2 + 2*u + 7. Let w be (30/12 - 2)*22. Suppose w*x - 3*x = 40. What is l(x)?
-8
Suppose 0*f - 3*z = -f + 8, -8 = 4*z. Suppose 2*b - f = -12. Let t(n) be the first derivative of -n**3/3 - 3*n**2/2 + 5*n - 4. Determine t(b).
-5
Let w(j) = 4*j - 13. Let x be w(9). Suppose -2*c = -c - x. Suppose -4*m - 3 = 4*f - c, -2*m - 32 = -5*f. Let b(z) = -z**2 + 9*z - 8. Calculate b(f).
10
Let n(w) = 3*w - 1. Let f(l) = l**2 - 87*l - 546. Let p be f(-6). Determine n(p).
35
Let d(s) = 9*s**2 + 22*s - 34. Let r(a) = -4*a**2 - 7*a + 17. Let z(l) = -3*d(l) - 7*r(l). Give z(19).
21
Let c = 98 - 97. Let z(m) = c - 9*m - 2*m**2 + 9*m + 11*m**3. What is z(1)?
10
Let h(q) = -8*q - 215. Let v be h(-27). Let r(p) = 8*p + 2. Determine r(v).
10
Let s(v) = 8*v**2 + 16*v - 25. Let h(m) = -5*m**2 - 11*m + 17. Let u(k) = 7*h(k) + 5*s(k). Let d(z) be the first derivative of u(z). What is d(-2)?
-17
Let c be (6/(-4))/(4/40). Let m be (3 - (-2 - -4))*-9. Let s be (m/6)/(c/(-70)). Let k(n) = n**3 + 8*n**2 + 8*n + 3. Give k(s).
-4
Let w(x) = x - 7. Suppose m - 44 = -43. Let i(d) = d. Let r(b) = m*w(b) - 4*i(b). What is r(-8)?
17
Let a(n) be the first derivative of -n**3/3 - 5*n**2 + 3*n - 92. Determine a(-5).
28
Let i(q) be the second derivative of -1/6*q**3 + 0 - 2*q + 5/2*q**2. Suppose -5*u - 4*p + 4 = 0, -u - 4*u = -4*p - 36. What is i(u)?
1
Let k(v) = -11*v**2 - 11 - 2*v - 4*v + 3*v**3 - 4*v**3 - v. Calculate k(-10).
-41
Let d(u) = -2*u**2 - 5*u + 6. Suppose 194*o - 190*o - 8 = 0. Determine d(o).
-12
Let g(l) = 3*l**2 + 2*l - 2. Let x(v) = v**3 + 4*v**2 + 2*v - 3. Let k(n) = -3*g(n) + 2*x(n). Suppose 14*a - 4*f = 11*a + 26, 4*a - 3 = -f. Give k(a).
8
Suppose -2*q - 2 = -3*h - 32, 10 = -2*h - 2*q. Let d(a) = a**3 + 9*a**2 + 9*a + 4. Calculate d(h).
-4
Suppose -88*t + 86*t = 3*q + 33, -4*q + 5*t = 21. Let i(k) = 2*k + 7. What is i(q)?
-11
Let v(u) = -20*u**3 + 46*u + 4 - 77*u + 33*u - 3. What is v(-1)?
19
Let b(i) = -i**3 - 6*i**2 + 7*i + 7. Let x = 7 + 5. Suppose 2*h = h - 3*y + 5, -x = -3*y. Calculate b(h).
7
Suppose 4*g + 0*g = 0. Suppose w = 5, 2*w + g*w - 16 = -3*m. Let a(b) = -3*b**m + b - 2 - b**3 - b + 3*b + 7*b**2. Determine a(4).
10
Let z(l) be the second derivative of -1/2*l**2 - 11*l - 1/6*l**4 + 0 + 2/3*l**3. Calculate z(3).
-7
Let c(b) be the second derivative of b**4/12 - 3*b**3/2 + 11*b**2/2 + 195*b. Calculate c(5).
-9
Let a(o) = -2*o + 22. Let c be a(7). Let b(z) = -96*z**3 + 11*z + 95*z**3 + 0*z - 9 + c*z**2. Determine b(9).
9
Suppose 8*m + 106 = 82. Let o(a) = -a**3 - 5*a**2 - 3*a + 2. Determine o(m).
-7
Let a be 18/(-4) - 18/(-12). Let l(s) = s**3 + 2*s**2 - 2*s - 1. Let y be l(a). Let g(v) = v - 2. What is g(y)?
-6
Let c(t) = -t**3 - 5*t**2 + 6*t + 3. Let f be (0 - 2)*(-18)/4. Let s = -515 - -518. Let g = s - f. Calculate c(g).
3
Let w(k) = -k**3 + 6*k**2 - 2*k - 2. Let h be ((-4)/1)/((-16)/20). Suppose 0 = h*v - 0 - 30. Calculate w(v).
-14
Suppose -2 - 4 = -q. Let x(k) = q + 0 - 5*k**2 + 2*k - 10*k + k**3. Let m = 41 + -35. Calculate x(m).
-6
Suppose 0 = -9*i + 102 + 6. Suppose 9*t = 6*t + i. Let s(h) = -3*h + 5. Calculate s(t).
-7
Let w(o) = 2*o**2 - 19*o. Let t be 2/6*(130 - 103). Give w(t).
-9
Let x be (-1)/(1 + 3/(-6)). Let j = 10 + x. Suppose 3*m - j = -2. Let u(c) = c - 4. Calculate u(m).
-2
Let t = 1 + 0. Let h(f) = -19*f**2 - 10*f - 1. Let b(q) = -37*q**2 - 26*q - 2. Let p(c) = 2*b(c) - 5*h(c). Determine p(t).
20
Let z(n) = -6*n + 6. Let p(s) = -1. Let c(x) = 5*p(x) + z(x). Suppose -22 = -j + m - 5*m, 5*j - 30 = -4*m. Give c(j).
-11
Let y = -16 - -6. Let u(w) = -w - 9. Let l be u(y). Let b(v) = 3*v**3 + 2*v**2 + 2*v**3 - 8*v**3 + 0*v**3 - v. Calculate b(l).
-2
Let s(g) be the third derivative of -g**5/60 + g**4/24 + 4*g**3/3 - 2*g**2 - 29. Let z be 20/(-25) + 4/5. Determine s(z).
8
Suppose -54*a + 30 = -48*a. Let f(g) = 7*g + 1. Let r(y) = y - 1. Let l(k) = f(k) - 6*r(k). What is l(a)?
12
Let a = -283 + 280. Let h(p) be the second derivative of p**2 - 1/6*p**3 - 4*p + 0. Calculate h(a).
5
Let d(z) = -4*z - 4. Let s(f) = 5*f + 6. Let w(n) = -4*d(n) - 3*s(n). What is w(2)?
0
Let q = 28 + -26. Let r(k) = -1 + k**3 - k**2 - k**2 - k**2 + 2 + k. Calculate r(q).
-1
Suppose -9*n + 33*n + 299 = 107. Let o(z) = 5*z + 7. Let m(x) = 11*x + 13. Let f(u) = 4*m(u) - 9*o(u). What is f(n)?
-3
Let d(o) = -4*o**3 - 37*o**2 + 76. Let x be d(-9). Let v(p) = -p - 1. Let a(w) = w**3 + 4*w**2 - 9*w - 2. Let k(z) = -a(z) + 5*v(z). Calculate k(x).
2
Let r(u) = -9*u + 68. Let d = 89 - 81. Let p be r(d). Let h(x) = 1. Let g(w) = w + 1. Let o(t) = -g(t) + h(t). What is o(p)?
4
Let o(x) = 58 - 22 - 20 - 15 + 3*x. Calculate o(-4).
-11
Let v(q) = 16*q**2 - q + 1. Let c be ((-7)/4)/(-7) + (-12)/(-16). Calculate v(c).
16
Let b(c) = 3*c**2 - c**2 - 12 + 4 - c**2 - c. Suppose -3 = 4*n + 5*v - 2*v, -2*v - 2 = 0. Determine b(n).
-8
Suppose 5*r - 2*v = -17, v - 21 = r + 5*v. Let s(g) be the third derivative of -1/60*g**5 - 1/8*g**